{"id":5854,"date":"2023-04-05T23:55:55","date_gmt":"2023-04-05T23:55:55","guid":{"rendered":"https:\/\/tienda.amazonicaep.ec\/wp\/?page_id=5854"},"modified":"2025-07-16T14:11:55","modified_gmt":"2025-07-16T19:11:55","slug":"noticias","status":"publish","type":"page","link":"https:\/\/www.amazonicaep.ec\/web\/v2\/noticias\/","title":{"rendered":"Noticias"},"content":{"rendered":"\t\t<div data-elementor-type=\"wp-page\" data-elementor-id=\"5854\" class=\"elementor elementor-5854\" data-elementor-post-type=\"page\">\n\t\t\t\t\t\t<section class=\"elementor-section elementor-top-section elementor-element elementor-element-b511499 elementor-section-boxed elementor-section-height-default elementor-section-height-default\" data-id=\"b511499\" data-element_type=\"section\" data-e-type=\"section\">\n\t\t\t\t\t\t<div class=\"elementor-container elementor-column-gap-default\">\n\t\t\t\t\t<div class=\"elementor-column elementor-col-100 elementor-top-column elementor-element elementor-element-2ef1b53\" data-id=\"2ef1b53\" data-element_type=\"column\" data-e-type=\"column\">\n\t\t\t<div class=\"elementor-widget-wrap elementor-element-populated\">\n\t\t\t\t\t\t<div class=\"elementor-element elementor-element-db64a16 elementor-widget elementor-widget-heading\" data-id=\"db64a16\" data-element_type=\"widget\" data-e-type=\"widget\" data-widget_type=\"heading.default\">\n\t\t\t\t<div class=\"elementor-widget-container\">\n\t\t\t\t\t<h2 class=\"elementor-heading-title elementor-size-default\">NOTICIAS<\/h2>\t\t\t\t<\/div>\n\t\t\t\t<\/div>\n\t\t\t\t\t<\/div>\n\t\t<\/div>\n\t\t\t\t\t<\/div>\n\t\t<\/section>\n\t\t\t\t<section class=\"elementor-section elementor-top-section elementor-element elementor-element-25e7bc3 elementor-section-boxed elementor-section-height-default elementor-section-height-default\" data-id=\"25e7bc3\" data-element_type=\"section\" data-e-type=\"section\">\n\t\t\t\t\t\t<div class=\"elementor-container elementor-column-gap-default\">\n\t\t\t\t\t<div class=\"elementor-column elementor-col-100 elementor-top-column elementor-element elementor-element-e81210c\" data-id=\"e81210c\" data-element_type=\"column\" data-e-type=\"column\">\n\t\t\t<div class=\"elementor-widget-wrap elementor-element-populated\">\n\t\t\t\t\t\t<div class=\"elementor-element elementor-element-b79c762 elementor-posts--align-left elementor-grid-3 elementor-grid-tablet-2 elementor-grid-mobile-1 elementor-posts--thumbnail-top elementor-posts--show-avatar elementor-card-shadow-yes elementor-posts__hover-gradient elementor-widget elementor-widget-posts\" data-id=\"b79c762\" data-element_type=\"widget\" data-e-type=\"widget\" data-settings=\"{&quot;pagination_type&quot;:&quot;numbers&quot;,&quot;cards_columns&quot;:&quot;3&quot;,&quot;cards_columns_tablet&quot;:&quot;2&quot;,&quot;cards_columns_mobile&quot;:&quot;1&quot;,&quot;cards_row_gap&quot;:{&quot;unit&quot;:&quot;px&quot;,&quot;size&quot;:35,&quot;sizes&quot;:[]},&quot;cards_row_gap_tablet&quot;:{&quot;unit&quot;:&quot;px&quot;,&quot;size&quot;:&quot;&quot;,&quot;sizes&quot;:[]},&quot;cards_row_gap_mobile&quot;:{&quot;unit&quot;:&quot;px&quot;,&quot;size&quot;:&quot;&quot;,&quot;sizes&quot;:[]}}\" data-widget_type=\"posts.cards\">\n\t\t\t\t<div class=\"elementor-widget-container\">\n\t\t\t\t\t\t\t<div class=\"elementor-posts-container elementor-posts elementor-posts--skin-cards elementor-grid\" role=\"list\">\r\n\t\t\t\t<article class=\"elementor-post elementor-grid-item post-16959 post type-post status-publish format-standard has-post-thumbnail hentry category-sin-categoria\" role=\"listitem\">\r\n\t\t\t<div class=\"elementor-post__card\">\r\n\t\t\t\t<a class=\"elementor-post__thumbnail__link\" href=\"https:\/\/www.amazonicaep.ec\/web\/v2\/rendicion-de-cuentas-2023\/\" tabindex=\"-1\" ><div class=\"elementor-post__thumbnail\"><img fetchpriority=\"high\" decoding=\"async\" width=\"2480\" height=\"2324\" src=\"https:\/\/www.amazonicaep.ec\/web\/v2\/wp-content\/uploads\/2024\/03\/invitacion_rendicion_de_ceuntas-1.jpg\" class=\"attachment-full size-full wp-image-16970\" alt=\"\" srcset=\"https:\/\/www.amazonicaep.ec\/web\/v2\/wp-content\/uploads\/2024\/03\/invitacion_rendicion_de_ceuntas-1.jpg 2480w, https:\/\/www.amazonicaep.ec\/web\/v2\/wp-content\/uploads\/2024\/03\/invitacion_rendicion_de_ceuntas-1-300x281.jpg 300w, https:\/\/www.amazonicaep.ec\/web\/v2\/wp-content\/uploads\/2024\/03\/invitacion_rendicion_de_ceuntas-1-1024x960.jpg 1024w, https:\/\/www.amazonicaep.ec\/web\/v2\/wp-content\/uploads\/2024\/03\/invitacion_rendicion_de_ceuntas-1-768x720.jpg 768w, https:\/\/www.amazonicaep.ec\/web\/v2\/wp-content\/uploads\/2024\/03\/invitacion_rendicion_de_ceuntas-1-1536x1439.jpg 1536w, https:\/\/www.amazonicaep.ec\/web\/v2\/wp-content\/uploads\/2024\/03\/invitacion_rendicion_de_ceuntas-1-2048x1919.jpg 2048w, https:\/\/www.amazonicaep.ec\/web\/v2\/wp-content\/uploads\/2024\/03\/invitacion_rendicion_de_ceuntas-1-600x562.jpg 600w\" sizes=\"(max-width: 2480px) 100vw, 2480px\" \/><\/div><\/a>\r\n\t\t\t\t<div class=\"elementor-post__avatar\">\r\n\t\t\t<img alt='LICETH MACIAS' src='https:\/\/secure.gravatar.com\/avatar\/21bda9daa9fecd029ec5451930684c13d1698d3c06106770d95a04a06e67abd4?s=128&#038;d=mm&#038;r=g' srcset='https:\/\/secure.gravatar.com\/avatar\/21bda9daa9fecd029ec5451930684c13d1698d3c06106770d95a04a06e67abd4?s=256&#038;d=mm&#038;r=g 2x' class='avatar avatar-128 photo' height='128' width='128' \/>\t\t<\/div>\r\n\t\t\t\t<div class=\"elementor-post__text\">\r\n\t\t\t\t<h3 class=\"elementor-post__title\">\r\n\t\t\t<a href=\"https:\/\/www.amazonicaep.ec\/web\/v2\/rendicion-de-cuentas-2023\/\" >\r\n\t\t\t\tRENDICI\u00d3N DE CUENTAS 2023\t\t\t<\/a>\r\n\t\t<\/h3>\r\n\t\t\t\t<div class=\"elementor-post__excerpt\">\r\n\t\t\t<p>La rendici\u00f3n de cuentas constituye una herramienta social para que los ciudadanos conozcan el ejercicio y gesti\u00f3n de cada una de las Instituciones del Estado, en ese sentido la EMPRESA P\u00daBLICA AMAZ\u00d3NICA UEA EP comprometida con esta obligaci\u00f3n de la Administraci\u00f3n P\u00fablica en cumplimiento de la Constituci\u00f3n de la Rep\u00fablica del Ecuador y la Ley Org\u00e1nica de Transparencia y Acceso a la Informaci\u00f3n P\u00fablica, traslada la presente invitaci\u00f3n al evento democr\u00e1tico de Rendici\u00f3n de Cuentas 2023 el cual se llevar\u00e1 a cabo el pr\u00f3ximo 27 de marzo del 2024 a partir de las 11:00 am. en la Casa de la Cultura N\u00facleo Pastaza (Calle Bol\u00edvar y 27 de febrero). En<\/p>\n\t\t<\/div>\r\n\t\t\r\n\t\t<a class=\"elementor-post__read-more\" href=\"https:\/\/www.amazonicaep.ec\/web\/v2\/rendicion-de-cuentas-2023\/\" aria-label=\"Read more about RENDICI\u00d3N DE CUENTAS 2023\" tabindex=\"-1\" >\r\n\t\t\tLEER M\u00c1S &gt;&gt;&gt;\t\t<\/a>\r\n\r\n\t\t\t\t<\/div>\r\n\t\t\t\t<div class=\"elementor-post__meta-data\">\r\n\t\t\t\t\t<span class=\"elementor-post-date\">\r\n\t\t\t26 de marzo de 2024\t\t<\/span>\r\n\t\t\t\t<\/div>\r\n\t\t\t\t\t<\/div>\r\n\t\t<\/article>\r\n\t\t\t\t<article class=\"elementor-post elementor-grid-item post-9078 post type-post status-publish format-standard has-post-thumbnail hentry category-sin-categoria\" role=\"listitem\">\r\n\t\t\t<div class=\"elementor-post__card\">\r\n\t\t\t\t<a class=\"elementor-post__thumbnail__link\" href=\"https:\/\/www.amazonicaep.ec\/web\/v2\/evento-publico-de-rendicion-de-cuentas-2022\/\" tabindex=\"-1\" ><div class=\"elementor-post__thumbnail\"><img decoding=\"async\" width=\"1536\" height=\"939\" src=\"https:\/\/www.amazonicaep.ec\/web\/v2\/wp-content\/uploads\/2023\/05\/ep-rendicion-1536x939-1.png\" class=\"attachment-full size-full wp-image-9079\" alt=\"\" srcset=\"https:\/\/www.amazonicaep.ec\/web\/v2\/wp-content\/uploads\/2023\/05\/ep-rendicion-1536x939-1.png 1536w, https:\/\/www.amazonicaep.ec\/web\/v2\/wp-content\/uploads\/2023\/05\/ep-rendicion-1536x939-1-300x183.png 300w, https:\/\/www.amazonicaep.ec\/web\/v2\/wp-content\/uploads\/2023\/05\/ep-rendicion-1536x939-1-1024x626.png 1024w, https:\/\/www.amazonicaep.ec\/web\/v2\/wp-content\/uploads\/2023\/05\/ep-rendicion-1536x939-1-768x470.png 768w, https:\/\/www.amazonicaep.ec\/web\/v2\/wp-content\/uploads\/2023\/05\/ep-rendicion-1536x939-1-600x367.png 600w\" sizes=\"(max-width: 1536px) 100vw, 1536px\" \/><\/div><\/a>\r\n\t\t\t\t<div class=\"elementor-post__avatar\">\r\n\t\t\t<img alt='admin' src='https:\/\/secure.gravatar.com\/avatar\/8a231892d3fd30dba15c48ca511a465c744be8d24079e6411c65bcd3f6c8d7d5?s=128&#038;d=mm&#038;r=g' srcset='https:\/\/secure.gravatar.com\/avatar\/8a231892d3fd30dba15c48ca511a465c744be8d24079e6411c65bcd3f6c8d7d5?s=256&#038;d=mm&#038;r=g 2x' class='avatar avatar-128 photo' height='128' width='128' \/>\t\t<\/div>\r\n\t\t\t\t<div class=\"elementor-post__text\">\r\n\t\t\t\t<h3 class=\"elementor-post__title\">\r\n\t\t\t<a href=\"https:\/\/www.amazonicaep.ec\/web\/v2\/evento-publico-de-rendicion-de-cuentas-2022\/\" >\r\n\t\t\t\tEvento P\u00fablico de Rendici\u00f3n de Cuentas 2022\t\t\t<\/a>\r\n\t\t<\/h3>\r\n\t\t\t\t<div class=\"elementor-post__excerpt\">\r\n\t\t\t<p>Evento P\u00fablico de Rendici\u00f3n de Cuentas 2022 La rendici\u00f3n de cuentas constituye una herramienta social para que los ciudadanos conozcan el ejercicio y gesti\u00f3n de cada una de las Instituciones del Estado, en ese sentido la EMPRESA P\u00daBLICA AMAZ\u00d3NICA UEA EP comprometida con esta obligaci\u00f3n de la Administraci\u00f3n P\u00fablica en cumplimiento de la Constituci\u00f3n de la Rep\u00fablica del Ecuador y la Ley Org\u00e1nica de Transparencia y Acceso a la Informaci\u00f3n P\u00fablica, traslada la presente invitaci\u00f3n al evento democr\u00e1tico de Rendici\u00f3n de Cuentas 2022 el cual se llevar\u00e1 a cabo el pr\u00f3ximo 10 de mayo de 2023 a partir de las 10:00 en el Auditorio Principal UEA \u2013 Bloque D (Campus<\/p>\n\t\t<\/div>\r\n\t\t\r\n\t\t<a class=\"elementor-post__read-more\" href=\"https:\/\/www.amazonicaep.ec\/web\/v2\/evento-publico-de-rendicion-de-cuentas-2022\/\" aria-label=\"Read more about Evento P\u00fablico de Rendici\u00f3n de Cuentas 2022\" tabindex=\"-1\" >\r\n\t\t\tLEER M\u00c1S &gt;&gt;&gt;\t\t<\/a>\r\n\r\n\t\t\t\t<\/div>\r\n\t\t\t\t<div class=\"elementor-post__meta-data\">\r\n\t\t\t\t\t<span class=\"elementor-post-date\">\r\n\t\t\t15 de mayo de 2023\t\t<\/span>\r\n\t\t\t\t<\/div>\r\n\t\t\t\t\t<\/div>\r\n\t\t<\/article>\r\n\t\t\t\t<article class=\"elementor-post elementor-grid-item post-5975 post type-post status-publish format-standard has-post-thumbnail hentry category-sin-categoria\" role=\"listitem\">\r\n\t\t\t<div class=\"elementor-post__card\">\r\n\t\t\t\t<a class=\"elementor-post__thumbnail__link\" href=\"https:\/\/www.amazonicaep.ec\/web\/v2\/la-empresa-publica-amazonica-uea-ep-celebra-su-segundo-aniversario\/\" tabindex=\"-1\" ><div class=\"elementor-post__thumbnail\"><img decoding=\"async\" width=\"1772\" height=\"874\" src=\"https:\/\/www.amazonicaep.ec\/web\/v2\/wp-content\/uploads\/2023\/04\/2-banner-b.png\" class=\"attachment-full size-full wp-image-5954\" alt=\"\" srcset=\"https:\/\/www.amazonicaep.ec\/web\/v2\/wp-content\/uploads\/2023\/04\/2-banner-b.png 1772w, https:\/\/www.amazonicaep.ec\/web\/v2\/wp-content\/uploads\/2023\/04\/2-banner-b-600x296.png 600w, https:\/\/www.amazonicaep.ec\/web\/v2\/wp-content\/uploads\/2023\/04\/2-banner-b-300x148.png 300w, https:\/\/www.amazonicaep.ec\/web\/v2\/wp-content\/uploads\/2023\/04\/2-banner-b-1024x505.png 1024w, https:\/\/www.amazonicaep.ec\/web\/v2\/wp-content\/uploads\/2023\/04\/2-banner-b-768x379.png 768w, https:\/\/www.amazonicaep.ec\/web\/v2\/wp-content\/uploads\/2023\/04\/2-banner-b-1536x758.png 1536w\" sizes=\"(max-width: 1772px) 100vw, 1772px\" \/><\/div><\/a>\r\n\t\t\t\t<div class=\"elementor-post__avatar\">\r\n\t\t\t<img alt='admin' src='https:\/\/secure.gravatar.com\/avatar\/8a231892d3fd30dba15c48ca511a465c744be8d24079e6411c65bcd3f6c8d7d5?s=128&#038;d=mm&#038;r=g' srcset='https:\/\/secure.gravatar.com\/avatar\/8a231892d3fd30dba15c48ca511a465c744be8d24079e6411c65bcd3f6c8d7d5?s=256&#038;d=mm&#038;r=g 2x' class='avatar avatar-128 photo' height='128' width='128' \/>\t\t<\/div>\r\n\t\t\t\t<div class=\"elementor-post__text\">\r\n\t\t\t\t<h3 class=\"elementor-post__title\">\r\n\t\t\t<a href=\"https:\/\/www.amazonicaep.ec\/web\/v2\/la-empresa-publica-amazonica-uea-ep-celebra-su-segundo-aniversario\/\" >\r\n\t\t\t\t\u00a1La Empresa P\u00fablica Amaz\u00f3nica UEA EP celebra su Segundo Aniversario!\t\t\t<\/a>\r\n\t\t<\/h3>\r\n\t\t\t\t<div class=\"elementor-post__excerpt\">\r\n\t\t\t<p>\u00a1La Empresa P\u00fablica Amaz\u00f3nica UEA EP celebra su Segundo Aniversario! El 6 de abril de 2023 es una fecha muy especial en la que celebramos el Segundo Aniversario de creaci\u00f3n de la Empresa P\u00fablica Amaz\u00f3nica UEA EP, tiempo en el que se ha venido ejecutando proyectos y dando soluci\u00f3n a las diversas necesidades de la Universidad Estatal Amaz\u00f3nica y de la sociedad en general, a trav\u00e9s de una gesti\u00f3n eficiente y transparente. Nuestra instituci\u00f3n cuenta con cuatro l\u00edneas de negocio: INFRAESTRUCTURA, ESTUDIOS Y CONSULTORIA, FORMACI\u00d3N Y CAPACITACI\u00d3N, COMERCIALIZACI\u00d3N Y LOG\u00cdSTICA, que han cumplido sus objetivos, y hoy son miles de estudiantes, funcionarios y ciudadanos que se han beneficiado con la<\/p>\n\t\t<\/div>\r\n\t\t\r\n\t\t<a class=\"elementor-post__read-more\" href=\"https:\/\/www.amazonicaep.ec\/web\/v2\/la-empresa-publica-amazonica-uea-ep-celebra-su-segundo-aniversario\/\" aria-label=\"Read more about \u00a1La Empresa P\u00fablica Amaz\u00f3nica UEA EP celebra su Segundo Aniversario!\" tabindex=\"-1\" >\r\n\t\t\tLEER M\u00c1S &gt;&gt;&gt;\t\t<\/a>\r\n\r\n\t\t\t\t<\/div>\r\n\t\t\t\t<div class=\"elementor-post__meta-data\">\r\n\t\t\t\t\t<span class=\"elementor-post-date\">\r\n\t\t\t5 de abril de 2023\t\t<\/span>\r\n\t\t\t\t<\/div>\r\n\t\t\t\t\t<\/div>\r\n\t\t<\/article>\r\n\t\t\t\t<article class=\"elementor-post elementor-grid-item post-1 post type-post status-publish format-standard has-post-thumbnail hentry category-sin-categoria\" role=\"listitem\">\r\n\t\t\t<div class=\"elementor-post__card\">\r\n\t\t\t\t<a class=\"elementor-post__thumbnail__link\" href=\"https:\/\/www.amazonicaep.ec\/web\/v2\/hola-mundo\/\" tabindex=\"-1\" ><div class=\"elementor-post__thumbnail\"><img loading=\"lazy\" decoding=\"async\" width=\"1536\" height=\"774\" src=\"https:\/\/www.amazonicaep.ec\/web\/v2\/wp-content\/uploads\/2022\/12\/NOTICIA-1-EP.jpg\" class=\"attachment-full size-full wp-image-4319\" alt=\"\" srcset=\"https:\/\/www.amazonicaep.ec\/web\/v2\/wp-content\/uploads\/2022\/12\/NOTICIA-1-EP.jpg 1536w, https:\/\/www.amazonicaep.ec\/web\/v2\/wp-content\/uploads\/2022\/12\/NOTICIA-1-EP-600x302.jpg 600w, https:\/\/www.amazonicaep.ec\/web\/v2\/wp-content\/uploads\/2022\/12\/NOTICIA-1-EP-300x151.jpg 300w, https:\/\/www.amazonicaep.ec\/web\/v2\/wp-content\/uploads\/2022\/12\/NOTICIA-1-EP-1024x516.jpg 1024w, https:\/\/www.amazonicaep.ec\/web\/v2\/wp-content\/uploads\/2022\/12\/NOTICIA-1-EP-768x387.jpg 768w\" sizes=\"(max-width: 1536px) 100vw, 1536px\" \/><\/div><\/a>\r\n\t\t\t\t<div class=\"elementor-post__avatar\">\r\n\t\t\t<img alt='admin' src='https:\/\/secure.gravatar.com\/avatar\/8a231892d3fd30dba15c48ca511a465c744be8d24079e6411c65bcd3f6c8d7d5?s=128&#038;d=mm&#038;r=g' srcset='https:\/\/secure.gravatar.com\/avatar\/8a231892d3fd30dba15c48ca511a465c744be8d24079e6411c65bcd3f6c8d7d5?s=256&#038;d=mm&#038;r=g 2x' class='avatar avatar-128 photo' height='128' width='128' \/>\t\t<\/div>\r\n\t\t\t\t<div class=\"elementor-post__text\">\r\n\t\t\t\t<h3 class=\"elementor-post__title\">\r\n\t\t\t<a href=\"https:\/\/www.amazonicaep.ec\/web\/v2\/hola-mundo\/\" >\r\n\t\t\t\tLa Universidad Estatal Amaz\u00f3nica y la Empresa P\u00fablica Amaz\u00f3nica UEA EP realizaron el evento de Clausura del Programa Formativo \u201cGu\u00edas Tur\u00edsticos Locales\u201d\t\t\t<\/a>\r\n\t\t<\/h3>\r\n\t\t\t\t<div class=\"elementor-post__excerpt\">\r\n\t\t\t<p>La Universidad Estatal Amaz\u00f3nica y la Empresa P\u00fablica Amaz\u00f3nica UEA EP realizaron el evento de Clausura del Programa Formativo \u201cGu\u00edas Tur\u00edsticos Locales\u201d El pasado jueves, 01 de diciembre de 2022, la Empresa P\u00fablica Amaz\u00f3nica UEA EP con el aval de la Universidad Estatal Amaz\u00f3nica y el Ministerio de Turismo efectuaron la graduaci\u00f3n de 19 estudiantes del curso de gu\u00edas tur\u00edsticos locales, con un total de 516 horas acad\u00e9micas tanto te\u00f3ricas como pr\u00e1cticas. Este proyecto cont\u00f3 con la participaci\u00f3n de 17 docentes con amplia trayectoria en el \u00e1mbito tur\u00edstico, que impartieron las materias de: legislaci\u00f3n tur\u00edstica y ambiental, taller de hospitalidad, \u00e9tica profesional, liderazgo y manejo de conflictos, sistema tur\u00edstico, geograf\u00eda<\/p>\n\t\t<\/div>\r\n\t\t\r\n\t\t<a class=\"elementor-post__read-more\" href=\"https:\/\/www.amazonicaep.ec\/web\/v2\/hola-mundo\/\" aria-label=\"Read more about La Universidad Estatal Amaz\u00f3nica y la Empresa P\u00fablica Amaz\u00f3nica UEA EP realizaron el evento de Clausura del Programa Formativo \u201cGu\u00edas Tur\u00edsticos Locales\u201d\" tabindex=\"-1\" >\r\n\t\t\tLEER M\u00c1S &gt;&gt;&gt;\t\t<\/a>\r\n\r\n\t\t\t\t<\/div>\r\n\t\t\t\t<div class=\"elementor-post__meta-data\">\r\n\t\t\t\t\t<span class=\"elementor-post-date\">\r\n\t\t\t2 de diciembre de 2022\t\t<\/span>\r\n\t\t\t\t<\/div>\r\n\t\t\t\t\t<\/div>\r\n\t\t<\/article>\r\n\t\t\t\t<\/div>\r\n\t\t\r\n\t\t\t\t<div class=\"e-load-more-anchor\" data-page=\"1\" data-max-page=\"2\" data-next-page=\"https:\/\/www.amazonicaep.ec\/web\/v2\/wp-json\/wp\/v2\/pages\/5854\/page\/2\/\"><\/div>\r\n\t\t\t\t<nav class=\"elementor-pagination\" aria-label=\"Pagination\">\r\n\t\t\t<span aria-current=\"page\" class=\"page-numbers current\"><span class=\"elementor-screen-only\">Page<\/span>1<\/span>\n<a class=\"page-numbers\" href=\"https:\/\/www.amazonicaep.ec\/web\/v2\/wp-json\/wp\/v2\/pages\/5854\/page\/2\/\"><span class=\"elementor-screen-only\">Page<\/span>2<\/a>\t\t<\/nav>\r\n\t\t\t\t\t\t<\/div>\n\t\t\t\t<\/div>\n\t\t\t\t\t<\/div>\n\t\t<\/div>\n\t\t\t\t\t<\/div>\n\t\t<\/section>\n\t\t\t\t<\/div>\n\t\t","protected":false},"excerpt":{"rendered":"<p>NOTICIAS<\/p>\n","protected":false},"author":7,"featured_media":0,"parent":0,"menu_order":0,"comment_status":"closed","ping_status":"closed","template":"","meta":{"om_disable_all_campaigns":false,"_monsterinsights_skip_tracking":false,"_monsterinsights_sitenote_active":false,"_monsterinsights_sitenote_note":"","_monsterinsights_sitenote_category":0,"footnotes":""},"class_list":["post-5854","page","type-page","status-publish","hentry"],"jetpack_sharing_enabled":true,"_links":{"self":[{"href":"https:\/\/www.amazonicaep.ec\/web\/v2\/wp-json\/wp\/v2\/pages\/5854","targetHints":{"allow":["GET"]}}],"collection":[{"href":"https:\/\/www.amazonicaep.ec\/web\/v2\/wp-json\/wp\/v2\/pages"}],"about":[{"href":"https:\/\/www.amazonicaep.ec\/web\/v2\/wp-json\/wp\/v2\/types\/page"}],"author":[{"embeddable":true,"href":"https:\/\/www.amazonicaep.ec\/web\/v2\/wp-json\/wp\/v2\/users\/7"}],"replies":[{"embeddable":true,"href":"https:\/\/www.amazonicaep.ec\/web\/v2\/wp-json\/wp\/v2\/comments?post=5854"}],"version-history":[{"count":388,"href":"https:\/\/www.amazonicaep.ec\/web\/v2\/wp-json\/wp\/v2\/pages\/5854\/revisions"}],"predecessor-version":[{"id":23466,"href":"https:\/\/www.amazonicaep.ec\/web\/v2\/wp-json\/wp\/v2\/pages\/5854\/revisions\/23466"}],"wp:attachment":[{"href":"https:\/\/www.amazonicaep.ec\/web\/v2\/wp-json\/wp\/v2\/media?parent=5854"}],"curies":[{"name":"wp","href":"https:\/\/api.w.org\/{rel}","templated":true}]}}